est common divisor of u and 15?
15
Let c(f) = 5*f**2 + 3*f - 8. Let v be c(4). Calculate the greatest common divisor of 21 and v.
21
Let m = 8 + -22. Let w = 4 - m. What is the greatest common factor of 9 and w?
9
Suppose -5*h + 17 + 373 = 0. Let m be (-2)/3*h/(-4). Let c = -8 + m. Calculate the highest common divisor of 35 and c.
5
Let i be 157 + ((-75)/3)/5. Suppose -m + 5*n = -5*m + 61, 0 = -5*m + 5*n + 110. What is the greatest common divisor of m and i?
19
Suppose -8*x + 121 + 1287 = 0. What is the highest common divisor of 16 and x?
16
Let n(j) be the second derivative of 0 - 3*j + 0*j**2 + 1/6*j**3. Let b be n(6). Calculate the greatest common divisor of 24 and b.
6
Let r be (6 - 110)*2/(-2). Calculate the greatest common divisor of r and 39.
13
Let p = 4 - 2. Suppose 16 = p*t - 4. What is the highest common divisor of 50 and t?
10
Let p be (18/(-2))/((-5)/(-5)). Let l be 3*(-3)/p*-10. Let k be (5/l)/(1/(-10)). Calculate the highest common factor of 20 and k.
5
Let c be 1 + (-13 - -1)/(-1). Suppose 4*f + c - 37 = 0. Suppose -4*q = -4*v + 192, -5*q - 54 = -2*v + 42. Calculate the greatest common factor of v and f.
6
Let m be 3/((-5)/(-2) - 1). Suppose m*o = -2*o. Suppose -2*f + o*f + 224 = 0. What is the highest common factor of f and 16?
16
Suppose 2*d + 2*d = 80. Let w(u) = u**3 + 4*u**2 + 5*u + 11. Let f be w(-3). What is the highest common divisor of d and f?
5
Suppose 28*y = 24*y + 56. What is the greatest common divisor of 70 and y?
14
Let m(g) = -7 + g - g + 0 + 3*g. Let a be m(8). Calculate the highest common divisor of a and 17.
17
Suppose 3*t = -0*t + 42. Calculate the highest common factor of 126 and t.
14
Let k be -2 + 3 + (40 - -1). Let z = 959 - 931. Calculate the highest common factor of z and k.
14
Let d be (-3)/(-2)*2/3. Let u = d - -19. Let a = 16 + -6. What is the highest common factor of u and a?
10
Let t(w) = w**3 - 3*w**2 - 3*w + 6. Let l be t(4). Let f = 0 + 0. Let i = 50 - f. Calculate the highest common divisor of i and l.
10
Suppose 4*y = -0*y + 144. Calculate the highest common factor of 18 and y.
18
Let x be 9/15 - ((-48)/20 - -2). Calculate the highest common factor of x and 3.
1
Let n be 1*2 - (-7 + 4). Suppose 2*j + 3*l = 24, -4*j + n*l - 1 + 5 = 0. What is the greatest common divisor of 12 and j?
6
Let k = 21 + -20. Let r(p) = p**3 - 2*p**2 - 3*p + 1. Let h be r(3). What is the greatest common divisor of h and k?
1
Let c be ((-16)/(-10))/(2/5). Suppose 0 = c*q - 0 - 24. Calculate the highest common divisor of 12 and q.
6
Let u be -6*-2*(-1)/(-2). Let r = 31 - -104. Let h be ((-2)/(-5))/(9/r). What is the highest common divisor of u and h?
6
Let c(x) = x**2 + 6. Let g be c(-6). Let n be 1/((-26)/(-12) + -2). Calculate the greatest common divisor of n and g.
6
Let n be ((-4)/6)/(2/(-9)). Suppose -3*s - 1 = -13. Suppose -n*t + 2*z + 4 = -2, 0 = s*t + 4*z - 28. What is the greatest common factor of t and 36?
4
Suppose -d - 2*m + 3 = -5, -m + 4 = 3*d. Suppose d*u - 10 = -5*u. What is the highest common factor of u and 8?
2
Let r be 4/(-10) + 302/5. Suppose -4*b + 6*b = 132. Suppose -6 = -3*m + b. Calculate the greatest common divisor of m and r.
12
Let v(p) = -5*p + 2. Let q be v(-7). Suppose 5*z - 8 = q. Let l = 31 + -22. Calculate the highest common divisor of l and z.
9
Let g be -2*(-2 + (-297)/6). Suppose 2*n - g = 131. What is the highest common divisor of 13 and n?
13
Suppose -f - 8 = -5*f, 534 = 3*r - 3*f. What is the highest common divisor of r and 72?
36
Let z(h) = -21*h - 1. Let w be z(-1). Suppose -o + 0*o = -10. What is the greatest common factor of w and o?
10
Suppose -5*h + 45 = -5*v, 45 = 6*h - h - 3*v. What is the greatest common factor of 36 and h?
9
Let m = -18 + 29. Suppose -24 = -y - m. Calculate the greatest common factor of 13 and y.
13
Suppose m - 4*a + 12 = 5*m, -m + 2*a - 6 = 0. Suppose -4 = j + 2. Let p be (0 - j) + 0 + m. Calculate the highest common factor of 3 and p.
3
Let r(y) = -3 - 22*y + 3. Let v be r(-4). Calculate the highest common divisor of 8 and v.
8
Let n be 2 + 166 + (-5 - -2). Calculate the greatest common factor of 15 and n.
15
Let h be 9/(-15) + (-9)/(-15). Let a(c) = -c**2 + 5. Let v be a(h). Calculate the highest common factor of 1 and v.
1
Let c = 31 + -15. Calculate the greatest common factor of 8 and c.
8
Let q(r) be the third derivative of r**4/24 - 4*r**3/3 + 2*r**2. Let j be q(7). Let u be 1*6 + j + 3. What is the greatest common factor of u and 2?
2
Let c(l) = l + 4. Let u be c(3). What is the highest common divisor of u and 56?
7
Suppose n + 23 = 28. What is the greatest common factor of 1 and n?
1
Let m = 89 - 52. What is the highest common divisor of 148 and m?
37
Suppose 3*z + 181 = 4*j + 26, z + 1 = 0. What is the highest common divisor of j and 19?
19
Let p(s) be the second derivative of -3/2*s**2 - 1/6*s**3 + 2*s + 0. Let b be p(-4). What is the greatest common factor of 11 and b?
1
Let k be 1/5 + (-338)/(-10). Let l(s) = 2*s**2 - 5*s + 3. Let y be l(-7). What is the highest common factor of y and k?
34
Let d = 37 + -21. Suppose 11*a + 8 = 13*a. Suppose z - s = -0*s + 83, -a*z - 4*s + 308 = 0. Calculate the highest common factor of z and d.
16
Let n be (68/6)/(3/36). Let i = -88 + n. Suppose -2*a - a = -i. Calculate the highest common factor of a and 24.
8
Let m = -161 + 413. Calculate the greatest common factor of 28 and m.
28
Suppose 120 = 2*h + 4*h. Calculate the greatest common divisor of 8 and h.
4
Suppose 3*v - 16 = 2*t + 16, -t = -5. Let i = 17 + -17. Suppose 0 = 3*r - 15, -r = -3*x - i*x + 163. What is the highest common factor of v and x?
14
Let l = 29 + -16. Suppose 4*t - 88 - 20 = 0. Let a = t - l. What is the highest common factor of a and 21?
7
Let f be (-2)/((-3)/21*2). Suppose f*q - p - 48 = 2*q, 0 = q + 3*p. Calculate the greatest common divisor of 9 and q.
9
Suppose 6*a = -a + 133. Calculate the greatest common divisor of a and 171.
19
Suppose 0 = -2*b + 63 - 297. Let h be 220/18 + 26/b. What is the highest common factor of 30 and h?
6
Let n(x) = x**2 - 2*x + 5. Let v be n(0). What is the greatest common factor of v and 2?
1
Let i = -164 - -172. Let x = 3 + -5. Let m be 16/((-4)/x - 1). What is the highest common divisor of i and m?
8
Let p be (-1 + 0)/(-1)*3. Let o(x) = -3 - p + x**2 + 4 + 4*x. Let u be o(-7). Calculate the highest common factor of 209 and u.
19
Let m be (1 - 0)*(178 + -2). What is the greatest common factor of m and 16?
16
Let o = 8 + -4. Let a = o - -6. Calculate the highest common factor of 80 and a.
10
Let y = -15 + 38. What is the highest common divisor of y and 253?
23
Suppose -2*v = -0*v - 1008. Let i be v/49 + (-4)/14. What is the highest common factor of 4 and i?
2
Let n = 20 + -8. Let u = -14 + 8. Let o be (-8)/24 + (-74)/u. Calculate the greatest common divisor of n and o.
12
Let j(b) = -2*b + 6. Let y be j(-9). What is the greatest common divisor of 3 and y?
3
Let m(f) = f**2 - 3*f + 6. Let l be m(6). What is the highest common factor of 6 and l?
6
Let q(v) = 1 - 4 + 4 - 18*v. Let b be q(-1). Suppose -3*h - 43 = -4*s + 21, -5*s - 3*h = -107. What is the highest common factor of s and b?
19
Suppose -o - 6*o = -105. What is the greatest common factor of 10 and o?
5
Let u = 132 + -100. Calculate the highest common divisor of u and 224.
32
Let k be (-2)/7 + (-1374)/42. Let d = 51 + k. What is the greatest common factor of 126 and d?
18
Let z = 13 - 20. Let f(u) = -2*u + 7. Let t be f(z). Suppose -t - 6 = -3*b. Calculate the highest common factor of 9 and b.
9
Suppose 5*o - 686 + 21 = 0. Suppose 5*s - 82 = -3*p, p + 0*s = 2*s + 9. Calculate the greatest common divisor of p and o.
19
Let q be -1 + -1 + 20 - -2. Calculate the greatest common factor of q and 5.
5
Suppose 564 = 5*s - 3*j + 187, -3*s = 4*j - 232. What is the highest common factor of s and 57?
19
Suppose 3*h - d - 2068 = 1970, 0 = 3*h + 2*d - 4047. Let w be (-4)/16 + h/12. Calculate the highest common divisor of w and 16.
16
Suppose 5*f - 3*x + 15 = 0, -2 = -x + 3. Suppose 3*o - 2*o - 2 = f. Calculate the highest common divisor of o and 16.
2
Let p be 20/6*(35 - 5). Calculate the highest common factor of p and 25.
25
Suppose 5*t - 4*t = 9. What is the greatest common factor of t and 27?
9
Let k be 1 - (1192/(-4) - (4 - 2)). Calculate the greates